 prime factors of 1124370?
2, 3, 5, 13, 31
What are the prime factors of 282766?
2, 11, 12853
What are the prime factors of 4014269?
7, 41, 71, 197
List the prime factors of 285561.
3, 31729
List the prime factors of 126946.
2, 63473
What are the prime factors of 4387813?
139, 31567
What are the prime factors of 978999?
3, 7, 46619
List the prime factors of 476801.
13, 36677
List the prime factors of 56280.
2, 3, 5, 7, 67
List the prime factors of 812576.
2, 67, 379
List the prime factors of 190622.
2, 95311
List the prime factors of 61816.
2, 7727
What are the prime factors of 136401?
3, 19, 2393
What are the prime factors of 3459979?
337, 10267
List the prime factors of 326397.
3, 108799
List the prime factors of 228908.
2, 89, 643
List the prime factors of 587422.
2, 11, 26701
What are the prime factors of 209340?
2, 3, 5, 1163
List the prime factors of 28684336.
2, 1792771
List the prime factors of 721739.
721739
List the prime factors of 5938946.
2, 13, 228421
List the prime factors of 10017333.
3, 727, 1531
What are the prime factors of 2136854?
2, 19, 53, 1061
List the prime factors of 1076111.
1076111
What are the prime factors of 4853105?
5, 37, 709
List the prime factors of 94715.
5, 19, 997
List the prime factors of 123052.
2, 30763
List the prime factors of 1208372.
2, 11, 29, 947
List the prime factors of 1675320.
2, 3, 5, 23, 607
What are the prime factors of 2241735?
3, 5, 199, 751
List the prime factors of 175561.
419
List the prime factors of 585001.
31, 113, 167
What are the prime factors of 520690?
2, 5, 52069
List the prime factors of 2365310.
2, 5, 19, 59, 211
What are the prime factors of 550863?
3, 97, 631
List the prime factors of 39990.
2, 3, 5, 31, 43
What are the prime factors of 719100?
2, 3, 5, 17, 47
List the prime factors of 4967911.
13, 19, 20113
What are the prime factors of 66504?
2, 3, 17, 163
What are the prime factors of 8712391?
241, 36151
What are the prime factors of 2853704?
2, 7, 131, 389
List the prime factors of 926221.
37, 25033
List the prime factors of 8219601.
3, 13, 163, 431
List the prime factors of 184446.
2, 3, 10247
List the prime factors of 929363.
29, 73, 439
List the prime factors of 3861408.
2, 3, 19, 29, 73
What are the prime factors of 90807?
3, 30269
What are the prime factors of 197012?
2, 49253
What are the prime factors of 20207691?
3, 7, 31, 3449
List the prime factors of 367409.
7, 73, 719
What are the prime factors of 5268794?
2, 23, 47, 2437
List the prime factors of 457810.
2, 5, 17, 2693
List the prime factors of 2379922.
2, 271, 4391
What are the prime factors of 558058?
2, 279029
What are the prime factors of 1005464?
2, 125683
List the prime factors of 520984.
2, 65123
List the prime factors of 573551.
11, 23, 2267
List the prime factors of 27697.
27697
List the prime factors of 9761042.
2, 4880521
What are the prime factors of 26217060?
2, 3, 5, 17, 25703
List the prime factors of 428457.
3, 251, 569
What are the prime factors of 344191?
491, 701
List the prime factors of 24413823.
3, 7, 181, 2141
List the prime factors of 8410411.
53, 89, 1783
List the prime factors of 1840430.
2, 5, 184043
List the prime factors of 1650371.
1650371
List the prime factors of 4789458.
2, 3, 266081
List the prime factors of 336035.
5, 7, 9601
List the prime factors of 92109.
3, 30703
List the prime factors of 4808393.
4808393
List the prime factors of 698369.
7, 99767
List the prime factors of 170834.
2, 229, 373
List the prime factors of 6952314.
2, 3, 1158719
What are the prime factors of 1382896?
2, 19, 4549
What are the prime factors of 503691?
3, 379, 443
What are the prime factors of 826709?
13, 19, 3347
What are the prime factors of 5741421?
3, 7, 23, 11887
What are the prime factors of 10621?
13, 19, 43
What are the prime factors of 752978?
2, 383, 983
List the prime factors of 59765.
5, 11953
List the prime factors of 1153188.
2, 3, 103, 311
List the prime factors of 189681.
3, 23, 2749
What are the prime factors of 203638?
2, 29, 3511
List the prime factors of 330013.
523, 631
What are the prime factors of 63085?
5, 11, 31, 37
List the prime factors of 93116.
2, 23279
What are the prime factors of 238250?
2, 5, 953
List the prime factors of 13139393.
19, 41, 101, 167
List the prime factors of 2382173.
2382173
List the prime factors of 21943.
21943
List the prime factors of 10510275.
3, 5, 43, 3259
List the prime factors of 628500.
2, 3, 5, 419
List the prime factors of 2282923.
2282923
What are the prime factors of 394544?
2, 24659
List the prime factors of 928130.
2, 5, 7, 13259
What are the prime factors of 2677429?
911, 2939
What are the prime factors of 956914?
2, 7, 68351
What are the prime factors of 357619?
357619
What are the prime factors of 220539?
3, 11, 41, 163
List the prime factors of 194331.
3, 211, 307
List the prime factors of 101099.
17, 19, 313
What are the prime factors of 1053239?
11, 23, 181
What are the prime factors of 12142720?
2, 5, 18973
List the prime factors of 841950.
2, 3, 5, 1871
What are the prime factors of 490826?
2, 7, 35059
List the prime factors of 6791220.
2, 3, 5, 29, 1301
List the prime factors of 521127.
3, 19301
What are the prime factors of 1799009?
1799009
List the prime factors of 145911.
3, 17, 2861
What are the prime factors of 4457993?
223, 19991
List the prime factors of 421339.
421339
What are the prime factors of 1590828?
2, 3, 43, 3083
What are the prime factors of 2207893?
2207893
List the prime factors of 204029.
7, 29147
List the prime factors of 5118828.
2, 3, 11, 13, 19, 157
List the prime factors of 24669201.
3, 19, 432793
List the prime factors of 6311458.
2, 19, 41, 4051
What are the prime factors of 5067565?
5, 83, 12211
List the prime factors of 106790.
2, 5, 59, 181
List the prime factors of 465025.
5, 11, 19, 89
What are the prime factors of 599505?
3, 5, 17, 2351
List the prime factors of 1813436.
2, 19, 107, 223
What are the prime factors of 1159916?
2, 157, 1847
What are the prime factors of 2593413?
3, 47, 6131
List the prime factors of 1042614.
2, 3, 57923
What are the prime factors of 239806?
2, 7, 2447
What are the prime factors of 13014081?
3, 181, 2663
List the prime factors of 76105.
5, 31, 491
List the prime factors of 236654.
2, 11, 31, 347
List the prime factors of 7092671.
23, 113, 2729
List the prime factors of 851633.
851633
List the prime factors of 2602065.
3, 5, 41, 4231
What are the prime factors of 3409445?
5, 13, 52453
What are the prime factors of 61739?
107, 577
List the prime factors of 11043773.
13, 509, 1669
What are the prime factors of 14074386?
2, 3, 2345731
What are the prime factors of 596830?
2, 5, 13, 4591
List the prime factors of 377503.
7, 199, 271
What are the prime factors of 2149074?
2, 3, 23, 29, 179
List the prime factors of 41146347.
3, 11, 463, 2693
What are the prime factors of 2333420?
2, 5, 17, 6863
List the prime factors of 801469.
801469
What are the prime factors of 3239443?
19, 170497
List the prime factors of 1173285.
3, 5, 2897
What are the prime factors of 1384489?
29, 47741
What are the prime factors of 2389823?
53, 67, 673
What are the prime factors of 6039045?
3, 5, 67, 2003
What are the prime factors of 4957828?
2, 1239457
List the prime factors of 21716246.
2, 277, 39199
List the prime factors of 36211799.
13, 353, 607
What are the prime factors of 3216733?
13, 349, 709
What are the prime factors of 396148?
2, 97, 1021
List the prime factors of 16941835.
5, 61, 55547
What are the prime factors of 716141?
733, 977
List the prime factors of 11701017.
3, 19, 7603
What are the prime factors of 2725747?
73, 37339
List the prime factors of 8758030.
2, 5, 875803
What are the prime factors of 4375794?
2, 3, 47, 59, 263
List the prime factors of 403435.
5, 80687
What are the prime factors of 229188?
2, 3, 71, 269
List the prime factors of 5497621.
23, 239027
List the prime factors of 627664.
2, 39229
List the prime factors of 543695.
5, 108739
List the prime factors of 108524.
2, 13, 2087
List the prime factors of 17569432.
2, 17, 129187
What are the prime factors of 183011?
23, 73, 109
What are the prime factors of 239540?
2, 5, 7, 29, 59
List the prime factors of 5735877.
3, 7, 71, 3847
What are the prime factors of 671745?
3, 5, 19, 2357
What are the prime fa